{"id":243,"date":"2012-10-12T08:51:21","date_gmt":"2012-10-12T08:51:21","guid":{"rendered":"http:\/\/proinnowacje.arleg.eu\/?page_id=243"},"modified":"2015-11-20T09:01:14","modified_gmt":"2015-11-20T09:01:14","slug":"dokumenty-do-pobrania","status":"publish","type":"page","link":"https:\/\/proinnowacje.arleg.eu\/?page_id=243","title":{"rendered":"Dokumenty do pobrania"},"content":{"rendered":"<p><strong>Dokumenty rekrutacyjne:<\/strong><\/p>\n<p><a href=\"http:\/\/proinnowacje.arleg.eu\/wp-content\/uploads\/2012\/10\/Regulamin-projektu.doc\">Regulamin projektu<\/a><\/p>\n<p><a href=\"http:\/\/proinnowacje.arleg.eu\/wp-content\/uploads\/2012\/10\/Zg\u0142oszenie-do-udzia\u0142u-w-projekcie.doc\">Zg\u0142oszenie do udzia\u0142u w projekcie<\/a><\/p>\n<p><a href=\"http:\/\/proinnowacje.arleg.eu\/wp-content\/uploads\/2012\/10\/O\u015bwiadczenie-o-pomocy-de-minimis.doc\">O\u015bwiadczenie o pomocy de minimis<\/a><\/p>\n<p><a href=\"http:\/\/proinnowacje.arleg.eu\/wp-content\/uploads\/2012\/10\/Formularz-informacji-przedstawianych-przy-ubieganiu-si\u0119-o-pomoc-de-minimis.doc\">Formularz informacji przedstawianych przy ubieganiu si\u0119 o pomoc de minimis<\/a><\/p>\n<p><a href=\"http:\/\/proinnowacje.arleg.eu\/wp-content\/uploads\/2012\/10\/Wz\u00f3r-umowy.doc\">Wz\u00f3r umowy<\/a><\/p>\n<p><a href=\"http:\/\/proinnowacje.arleg.eu\/wp-content\/uploads\/2012\/10\/1.1.1-Regulamin-projektu.doc\"><br \/>\n<\/a><\/p>\n<p><strong>Materia\u0142y promocyjne:<\/strong><\/p>\n<p><a href=\"http:\/\/proinnowacje.arleg.eu\/wp-content\/uploads\/2012\/10\/ulotka-anigif.gif\"><img loading=\"lazy\" decoding=\"async\" class=\"aligncenter size-full wp-image-258\" title=\"ulotka-anigif\" src=\"http:\/\/proinnowacje.arleg.eu\/wp-content\/uploads\/2012\/10\/ulotka-anigif.gif\" alt=\"\" width=\"473\" height=\"673\" srcset=\"https:\/\/proinnowacje.arleg.eu\/wp-content\/uploads\/2012\/10\/ulotka-anigif.gif 473w, https:\/\/proinnowacje.arleg.eu\/wp-content\/uploads\/2012\/10\/ulotka-anigif-210x300.gif 210w, https:\/\/proinnowacje.arleg.eu\/wp-content\/uploads\/2012\/10\/ulotka-anigif-298x424.gif 298w\" sizes=\"(max-width: 473px) 100vw, 473px\" \/><\/a><\/p>\n<p>&nbsp;<\/p>\n<p><strong>Publikacje:\u00a0<\/strong><\/p>\n<ul>\n<li><a href=\"http:\/\/proinnowacje.arleg.eu\/wp-content\/uploads\/2012\/10\/Badania-ilo\u015bciowe-CAWI-Raport.pdf\">Raport z bada\u0144 ilo\u015bciowych CAWI<\/a>\u00a0&#8211;\u00a0dot. oferty us\u0142ug proinnowacyjnych wrzesie\u0144\u00a02011<\/li>\n<li><a href=\"http:\/\/proinnowacje.arleg.eu\/wp-content\/uploads\/2012\/10\/Raport-z-bada\u0144-ilo\u015bciowych.pdf\">Raport z bada\u0144 ilo\u015bciowych<\/a>\u00a0&#8211;\u00a0Badanie ilo\u015bciowe CAWI pod k\u0105tem zapotrzebowania przedsi\u0119biorc\u00f3w na us\u0142ugi proinnowacyjne \u2013 czerwiec\u00a02011<\/li>\n<li><a href=\"http:\/\/proinnowacje.arleg.eu\/wp-content\/uploads\/2012\/10\/Raport-z-bada\u0144-jako\u015bciowych.pdf\">Raport z bada\u0144 jako\u015bciowych<\/a>\u00a0&#8211;\u00a0Badanie jako\u015bciowe FGI pod k\u0105tem zapotrzebowania przedsi\u0119biorc\u00f3w na us\u0142ugi proinnowacyjne \u2013 sierpie\u0144 2011<\/li>\n<\/ul>\n<p><strong>Broszury:<\/strong><\/p>\n<ul>\n<li><a href=\"http:\/\/proinnowacje.arleg.eu\/wp-content\/uploads\/2012\/10\/broszura-finansowanie.pdf\">broszura &#8211; finansowanie<\/a><\/li>\n<li><a href=\"http:\/\/proinnowacje.arleg.eu\/wp-content\/uploads\/2012\/10\/broszura-klastry.pdf\">broszura &#8211; klastry<\/a><\/li>\n<li><a href=\"http:\/\/proinnowacje.arleg.eu\/wp-content\/uploads\/2012\/10\/broszura-kreatywno\u015b\u0107.pdf\">broszura &#8211; kreatywno\u015b\u0107<\/a><\/li>\n<\/ul>\n","protected":false},"excerpt":{"rendered":"<p>Dokumenty rekrutacyjne: Regulamin projektu Zg\u0142oszenie do udzia\u0142u w projekcie O\u015bwiadczenie o pomocy de minimis Formularz informacji przedstawianych przy ubieganiu si\u0119 o pomoc de minimis Wz\u00f3r umowy Materia\u0142y promocyjne: &nbsp; Publikacje:\u00a0 Raport z bada\u0144 ilo\u015bciowych CAWI\u00a0&#8211;\u00a0dot. oferty us\u0142ug proinnowacyjnych wrzesie\u0144\u00a02011 Raport z bada\u0144 ilo\u015bciowych\u00a0&#8211;\u00a0Badanie ilo\u015bciowe CAWI pod k\u0105tem zapotrzebowania przedsi\u0119biorc\u00f3w na us\u0142ugi proinnowacyjne \u2013 czerwiec\u00a02011 Raport [&hellip;]<\/p>\n","protected":false},"author":2,"featured_media":0,"parent":0,"menu_order":0,"comment_status":"closed","ping_status":"closed","template":"","meta":{"footnotes":""},"_links":{"self":[{"href":"https:\/\/proinnowacje.arleg.eu\/index.php?rest_route=\/wp\/v2\/pages\/243"}],"collection":[{"href":"https:\/\/proinnowacje.arleg.eu\/index.php?rest_route=\/wp\/v2\/pages"}],"about":[{"href":"https:\/\/proinnowacje.arleg.eu\/index.php?rest_route=\/wp\/v2\/types\/page"}],"author":[{"embeddable":true,"href":"https:\/\/proinnowacje.arleg.eu\/index.php?rest_route=\/wp\/v2\/users\/2"}],"replies":[{"embeddable":true,"href":"https:\/\/proinnowacje.arleg.eu\/index.php?rest_route=%2Fwp%2Fv2%2Fcomments&post=243"}],"version-history":[{"count":9,"href":"https:\/\/proinnowacje.arleg.eu\/index.php?rest_route=\/wp\/v2\/pages\/243\/revisions"}],"predecessor-version":[{"id":327,"href":"https:\/\/proinnowacje.arleg.eu\/index.php?rest_route=\/wp\/v2\/pages\/243\/revisions\/327"}],"wp:attachment":[{"href":"https:\/\/proinnowacje.arleg.eu\/index.php?rest_route=%2Fwp%2Fv2%2Fmedia&parent=243"}],"curies":[{"name":"wp","href":"https:\/\/api.w.org\/{rel}","templated":true}]}}